.
2, 41, 43
What are the prime factors of 43919?
37, 1187
What are the prime factors of 3837?
3, 1279
What are the prime factors of 263?
263
What are the prime factors of 3741?
3, 29, 43
List the prime factors of 2636.
2, 659
List the prime factors of 9412.
2, 13, 181
List the prime factors of 2294.
2, 31, 37
What are the prime factors of 1212?
2, 3, 101
What are the prime factors of 1226?
2, 613
What are the prime factors of 2215?
5, 443
List the prime factors of 10846.
2, 11, 17, 29
List the prime factors of 158309.
23, 6883
What are the prime factors of 115465?
5, 7, 3299
What are the prime factors of 9614?
2, 11, 19, 23
What are the prime factors of 279?
3, 31
List the prime factors of 80299.
59, 1361
What are the prime factors of 95130?
2, 3, 5, 7, 151
What are the prime factors of 375?
3, 5
What are the prime factors of 51?
3, 17
What are the prime factors of 797?
797
List the prime factors of 8771.
7, 179
What are the prime factors of 49683?
3, 16561
List the prime factors of 93905.
5, 7, 2683
What are the prime factors of 1745?
5, 349
What are the prime factors of 1779?
3, 593
What are the prime factors of 6394?
2, 23, 139
What are the prime factors of 1318?
2, 659
List the prime factors of 7930.
2, 5, 13, 61
List the prime factors of 101.
101
List the prime factors of 6087.
3, 2029
What are the prime factors of 19270?
2, 5, 41, 47
List the prime factors of 641.
641
List the prime factors of 1790.
2, 5, 179
What are the prime factors of 58879?
97, 607
What are the prime factors of 26120?
2, 5, 653
List the prime factors of 1800.
2, 3, 5
List the prime factors of 27059.
27059
List the prime factors of 1271.
31, 41
What are the prime factors of 2374?
2, 1187
List the prime factors of 76330.
2, 5, 17, 449
What are the prime factors of 32234?
2, 71, 227
What are the prime factors of 356?
2, 89
What are the prime factors of 74343?
3, 24781
What are the prime factors of 74214?
2, 3, 7, 19, 31
List the prime factors of 1563.
3, 521
What are the prime factors of 1404?
2, 3, 13
What are the prime factors of 2192?
2, 137
List the prime factors of 1120.
2, 5, 7
What are the prime factors of 20977?
11, 1907
What are the prime factors of 18995?
5, 29, 131
List the prime factors of 16159.
11, 13, 113
What are the prime factors of 1917?
3, 71
What are the prime factors of 1115?
5, 223
What are the prime factors of 3631?
3631
List the prime factors of 790.
2, 5, 79
What are the prime factors of 7858?
2, 3929
List the prime factors of 103473.
3, 11497
List the prime factors of 2706.
2, 3, 11, 41
List the prime factors of 577.
577
What are the prime factors of 16968?
2, 3, 7, 101
What are the prime factors of 2727?
3, 101
List the prime factors of 5361.
3, 1787
What are the prime factors of 60073?
13, 4621
List the prime factors of 137556.
2, 3, 3821
List the prime factors of 9147.
3, 3049
List the prime factors of 1290.
2, 3, 5, 43
List the prime factors of 14900.
2, 5, 149
What are the prime factors of 91422?
2, 3, 1693
List the prime factors of 267.
3, 89
List the prime factors of 5252.
2, 13, 101
What are the prime factors of 53129?
53129
List the prime factors of 1471.
1471
List the prime factors of 4465.
5, 19, 47
List the prime factors of 2278.
2, 17, 67
What are the prime factors of 11044?
2, 11, 251
What are the prime factors of 21?
3, 7
What are the prime factors of 1727?
11, 157
What are the prime factors of 2001?
3, 23, 29
What are the prime factors of 1081?
23, 47
List the prime factors of 63043.
23, 2741
List the prime factors of 20.
2, 5
List the prime factors of 365.
5, 73
What are the prime factors of 482?
2, 241
List the prime factors of 2955.
3, 5, 197
List the prime factors of 20547.
3, 761
What are the prime factors of 1666?
2, 7, 17
List the prime factors of 184.
2, 23
What are the prime factors of 16027?
11, 31, 47
List the prime factors of 20451.
3, 17, 401
List the prime factors of 2284.
2, 571
What are the prime factors of 976?
2, 61
List the prime factors of 86275.
5, 7, 17, 29
What are the prime factors of 4874?
2, 2437
What are the prime factors of 2108?
2, 17, 31
List the prime factors of 38256.
2, 3, 797
List the prime factors of 7059.
3, 13, 181
What are the prime factors of 8463?
3, 7, 13, 31
List the prime factors of 120.
2, 3, 5
What are the prime factors of 943?
23, 41
List the prime factors of 7678.
2, 11, 349
List the prime factors of 123355.
5, 24671
What are the prime factors of 221?
13, 17
What are the prime factors of 875?
5, 7
List the prime factors of 15178.
2, 7589
What are the prime factors of 502?
2, 251
List the prime factors of 1363.
29, 47
What are the prime factors of 74850?
2, 3, 5, 499
List the prime factors of 1205.
5, 241
List the prime factors of 73104.
2, 3, 1523
List the prime factors of 1329.
3, 443
What are the prime factors of 153?
3, 17
What are the prime factors of 84880?
2, 5, 1061
List the prime factors of 1251.
3, 139
List the prime factors of 62609.
137, 457
What are the prime factors of 6637?
6637
What are the prime factors of 1169?
7, 167
What are the prime factors of 56743?
179, 317
What are the prime factors of 93612?
2, 3, 29, 269
List the prime factors of 72665.
5, 14533
What are the prime factors of 52657?
11, 4787
What are the prime factors of 4213?
11, 383
What are the prime factors of 1483?
1483
List the prime factors of 32779.
32779
List the prime factors of 882.
2, 3, 7
List the prime factors of 6712.
2, 839
What are the prime factors of 1405?
5, 281
What are the prime factors of 2895?
3, 5, 193
List the prime factors of 457.
457
List the prime factors of 7864.
2, 983
What are the prime factors of 4697?
7, 11, 61
What are the prime factors of 125724?
2, 3, 10477
What are the prime factors of 10728?
2, 3, 149
List the prime factors of 21664.
2, 677
What are the prime factors of 6712?
2, 839
What are the prime factors of 4847?
37, 131
What are the prime factors of 74288?
2, 4643
List the prime factors of 2527.
7, 19
List the prime factors of 697.
17, 41
What are the prime factors of 68741?
53, 1297
What are the prime factors of 586?
2, 293
List the prime factors of 19037.
19037
What are the prime factors of 18337?
11, 1667
What are the prime factors of 53066?
2, 13, 157
What are the prime factors of 228?
2, 3, 19
What are the prime factors of 33767?
33767
List the prime factors of 6804.
2, 3, 7
List the prime factors of 27583.
27583
What are the prime factors of 961?
31
List the prime factors of 12748.
2, 3187
What are the prime factors of 45347?
137, 331
List the prime factors of 484.
2, 11
List the prime factors of 595.
5, 7, 17
What are the prime factors of 3696?
2, 3, 7, 11
What are the prime factors of 72885?
3, 5, 43, 113
List the prime factors of 3215.
5, 643
What are the prime factors of 5345?
5, 1069
What are the prime factors of 25395?
3, 5, 1693
What are the prime factors of 16381?
16381
List the prime factors of 96.
2, 3
What are the prime factors of 52855?
5, 11, 31
What are the prime factors of 35811?
3, 23, 173
List the prime factors of 46254.
2, 3, 13, 593
List the prime factors of 19229.
7, 41, 67
List the prime factors of 1272.
2, 3, 53
List the prime factors of 230.
2, 5, 23
List the prime factors of 188.
2, 47
List the prime factors of 4504.
2, 563
List the prime factors of 55255.
5, 43, 257
List the prime factors of 20954.
2, 10477
What are the prime factors of 21642?
2, 3, 3607
List the prime factors of 33541.
17, 1973
What are the prime factors of 20973?
3, 6991
What are the prime factors of 15192?
2, 3, 211
List the prime factors of 65854.
2, 19, 1733
List the prime factors of 30456.
2, 3, 47
What are the prime factors of 297?
3, 11
List the prime factors of 22.
2, 11
List the prime factors of 29047.
31, 937
What are the prime factors of 91675?
5, 19, 193
List the prime factors of 13073.
17, 769
What are the prime factors of 129054?
2, 3, 137, 157
What are the prime factors of 11409?
3, 3803
What are the prime factors of 14790?
2, 3, 5, 17, 29
What are the prime factors of 7294?
2, 7, 521
What are the prime factors of 263?
263
List the prime factors of 9990.
2, 3, 5, 37
What are the prime factors of 54?
2, 3
What are the prime factors of 4928?
2, 7, 11
What are the prime factors of 2077?
31, 67
List the prime factors of 600.
2, 3, 5
List the prime f